{"id":847,"date":"2025-10-29T00:27:06","date_gmt":"2025-10-29T03:27:06","guid":{"rendered":"https:\/\/techcode4u.com\/lojavirtual\/?post_type=product&#038;p=847"},"modified":"2025-10-29T00:27:07","modified_gmt":"2025-10-29T03:27:07","slug":"fluxo-pastoso-10g-implastec","status":"publish","type":"product","link":"https:\/\/techcode4u.com\/lojavirtual\/produto\/fluxo-pastoso-10g-implastec\/","title":{"rendered":"Fluxo Pastoso 10g \u2013 Implastec"},"content":{"rendered":"<h2>Fluxo Pastoso 10g \u2013 Implastec (para Soldagem Eletr\u00f4nica)<\/h2>\n<p>&nbsp;<\/p>\n<p>O <b>Fluxo Pastoso Implastec (Geralmente modelo RMA ou Soldatec)<\/b> \u00e9 um produto qu\u00edmico indispens\u00e1vel para qualquer trabalho de soldagem e retrabalho em eletr\u00f4nica, especialmente em placas de circuito impresso (PCBs).<\/p>\n<p>Com sua formula\u00e7\u00e3o \u00e0 base de resinas e agentes ativadores, ele age como um poderoso auxiliar de solda, promovendo a uni\u00e3o perfeita dos componentes.<\/p>\n<p>&nbsp;<\/p>\n<h3>\u2728 Destaques e Aplica\u00e7\u00f5es<\/h3>\n<p>&nbsp;<\/p>\n<ul>\n<li><b>A\u00e7\u00e3o Desoxidante:<\/b> Sua principal fun\u00e7\u00e3o \u00e9 remover a oxida\u00e7\u00e3o das superf\u00edcies met\u00e1licas (terminais de componentes e trilhas da PCB), garantindo que a solda de estanho-chumbo ou estanho pura possa aderir de forma limpa e eficaz.<\/li>\n<li><b>Melhora a Fus\u00e3o:<\/b> Facilita o &#8220;molhamento&#8221; (espalhamento) da solda, permitindo que ela flua corretamente e cubra toda a \u00e1rea de contato, resultando em juntas de solda resistentes, duradouras e com brilho.<\/li>\n<li><b>Formato Pastoso:<\/b> A consist\u00eancia em pasta \u00e9 ideal para aplica\u00e7\u00e3o precisa, especialmente em componentes de montagem superficial (SMD) ou em pequenos reparos.<\/li>\n<li><b>Uso Profissional:<\/b> Indicado para o retrabalho em componentes, reparo de trilhas, soldagem de conectores e uso em equipamentos de soldagem por ar quente.<\/li>\n<li><b>Res\u00edduos Sol\u00faveis:<\/b> Os res\u00edduos deixados pelo fluxo s\u00e3o tipicamente sol\u00faveis em \u00e1lcool isoprop\u00edlico, permitindo a limpeza final da placa.<\/li>\n<\/ul>\n","protected":false},"excerpt":{"rendered":"<p>Fluxo Pastoso 10g \u2013 Implastec (para Soldagem Eletr\u00f4nica) &nbsp; O Fluxo Pastoso Implastec (Geralmente modelo RMA ou Soldatec) \u00e9 um produto qu\u00edmico indispens\u00e1vel para qualquer trabalho de soldagem e retrabalho em eletr\u00f4nica, especialmente em placas de circuito impresso (PCBs). Com sua formula\u00e7\u00e3o \u00e0 base de resinas e agentes ativadores, ele age como um poderoso auxiliar [&hellip;]<\/p>\n","protected":false},"featured_media":848,"comment_status":"open","ping_status":"closed","template":"","meta":[],"pwb-brand":[],"product_brand":[],"product_cat":[42],"product_tag":[],"class_list":{"0":"post-847","1":"product","2":"type-product","3":"status-publish","4":"has-post-thumbnail","6":"product_cat-soldas","8":"first","9":"instock","10":"shipping-taxable","11":"purchasable","12":"product-type-simple"},"yoast_head":"<!-- This site is optimized with the Yoast SEO plugin v26.5 - https:\/\/yoast.com\/wordpress\/plugins\/seo\/ -->\n<title>Fluxo Pastoso 10g \u2013 Implastec - LojaVirtual<\/title>\n<meta name=\"robots\" content=\"index, follow, max-snippet:-1, max-image-preview:large, max-video-preview:-1\" \/>\n<link rel=\"canonical\" href=\"https:\/\/techcode4u.com\/lojavirtual\/produto\/fluxo-pastoso-10g-implastec\/\" \/>\n<meta property=\"og:locale\" content=\"pt_BR\" \/>\n<meta property=\"og:type\" content=\"article\" \/>\n<meta property=\"og:title\" content=\"Fluxo Pastoso 10g \u2013 Implastec - LojaVirtual\" \/>\n<meta property=\"og:description\" content=\"Fluxo Pastoso 10g \u2013 Implastec (para Soldagem Eletr\u00f4nica) &nbsp; O Fluxo Pastoso Implastec (Geralmente modelo RMA ou Soldatec) \u00e9 um produto qu\u00edmico indispens\u00e1vel para qualquer trabalho de soldagem e retrabalho em eletr\u00f4nica, especialmente em placas de circuito impresso (PCBs). Com sua formula\u00e7\u00e3o \u00e0 base de resinas e agentes ativadores, ele age como um poderoso auxiliar [&hellip;]\" \/>\n<meta property=\"og:url\" content=\"https:\/\/techcode4u.com\/lojavirtual\/produto\/fluxo-pastoso-10g-implastec\/\" \/>\n<meta property=\"og:site_name\" content=\"LojaVirtual\" \/>\n<meta property=\"article:modified_time\" content=\"2025-10-29T03:27:07+00:00\" \/>\n<meta property=\"og:image\" content=\"https:\/\/techcode4u.com\/lojavirtual\/wp-content\/uploads\/2025\/10\/fluxo_para_solda_pastoso_rma_223_seringa_com_10_gramas_rma223_pafp0010pc_implastec_12214_1_20201126113140.webp\" \/>\n\t<meta property=\"og:image:width\" content=\"1024\" \/>\n\t<meta property=\"og:image:height\" content=\"549\" \/>\n\t<meta property=\"og:image:type\" content=\"image\/webp\" \/>\n<meta name=\"twitter:card\" content=\"summary_large_image\" \/>\n<meta name=\"twitter:label1\" content=\"Est. tempo de leitura\" \/>\n\t<meta name=\"twitter:data1\" content=\"1 minuto\" \/>\n<script type=\"application\/ld+json\" class=\"yoast-schema-graph\">{\"@context\":\"https:\/\/schema.org\",\"@graph\":[{\"@type\":\"WebPage\",\"@id\":\"https:\/\/techcode4u.com\/lojavirtual\/produto\/fluxo-pastoso-10g-implastec\/\",\"url\":\"https:\/\/techcode4u.com\/lojavirtual\/produto\/fluxo-pastoso-10g-implastec\/\",\"name\":\"Fluxo Pastoso 10g \u2013 Implastec - LojaVirtual\",\"isPartOf\":{\"@id\":\"https:\/\/techcode4u.com\/lojavirtual\/#website\"},\"primaryImageOfPage\":{\"@id\":\"https:\/\/techcode4u.com\/lojavirtual\/produto\/fluxo-pastoso-10g-implastec\/#primaryimage\"},\"image\":{\"@id\":\"https:\/\/techcode4u.com\/lojavirtual\/produto\/fluxo-pastoso-10g-implastec\/#primaryimage\"},\"thumbnailUrl\":\"https:\/\/techcode4u.com\/lojavirtual\/wp-content\/uploads\/2025\/10\/fluxo_para_solda_pastoso_rma_223_seringa_com_10_gramas_rma223_pafp0010pc_implastec_12214_1_20201126113140.webp\",\"datePublished\":\"2025-10-29T03:27:06+00:00\",\"dateModified\":\"2025-10-29T03:27:07+00:00\",\"breadcrumb\":{\"@id\":\"https:\/\/techcode4u.com\/lojavirtual\/produto\/fluxo-pastoso-10g-implastec\/#breadcrumb\"},\"inLanguage\":\"pt-BR\",\"potentialAction\":[{\"@type\":\"ReadAction\",\"target\":[\"https:\/\/techcode4u.com\/lojavirtual\/produto\/fluxo-pastoso-10g-implastec\/\"]}]},{\"@type\":\"ImageObject\",\"inLanguage\":\"pt-BR\",\"@id\":\"https:\/\/techcode4u.com\/lojavirtual\/produto\/fluxo-pastoso-10g-implastec\/#primaryimage\",\"url\":\"https:\/\/techcode4u.com\/lojavirtual\/wp-content\/uploads\/2025\/10\/fluxo_para_solda_pastoso_rma_223_seringa_com_10_gramas_rma223_pafp0010pc_implastec_12214_1_20201126113140.webp\",\"contentUrl\":\"https:\/\/techcode4u.com\/lojavirtual\/wp-content\/uploads\/2025\/10\/fluxo_para_solda_pastoso_rma_223_seringa_com_10_gramas_rma223_pafp0010pc_implastec_12214_1_20201126113140.webp\",\"width\":1024,\"height\":549},{\"@type\":\"BreadcrumbList\",\"@id\":\"https:\/\/techcode4u.com\/lojavirtual\/produto\/fluxo-pastoso-10g-implastec\/#breadcrumb\",\"itemListElement\":[{\"@type\":\"ListItem\",\"position\":1,\"name\":\"In\u00edcio\",\"item\":\"https:\/\/techcode4u.com\/lojavirtual\/\"},{\"@type\":\"ListItem\",\"position\":2,\"name\":\"Loja\",\"item\":\"https:\/\/techcode4u.com\/lojavirtual\/loja\/\"},{\"@type\":\"ListItem\",\"position\":3,\"name\":\"Fluxo Pastoso 10g \u2013 Implastec\"}]},{\"@type\":\"WebSite\",\"@id\":\"https:\/\/techcode4u.com\/lojavirtual\/#website\",\"url\":\"https:\/\/techcode4u.com\/lojavirtual\/\",\"name\":\"Loja Virtual\",\"description\":\"LojaVirtual\",\"publisher\":{\"@id\":\"https:\/\/techcode4u.com\/lojavirtual\/#organization\"},\"potentialAction\":[{\"@type\":\"SearchAction\",\"target\":{\"@type\":\"EntryPoint\",\"urlTemplate\":\"https:\/\/techcode4u.com\/lojavirtual\/?s={search_term_string}\"},\"query-input\":{\"@type\":\"PropertyValueSpecification\",\"valueRequired\":true,\"valueName\":\"search_term_string\"}}],\"inLanguage\":\"pt-BR\"},{\"@type\":\"Organization\",\"@id\":\"https:\/\/techcode4u.com\/lojavirtual\/#organization\",\"name\":\"Bruno Eletr\u00f4nica\",\"url\":\"https:\/\/techcode4u.com\/lojavirtual\/\",\"logo\":{\"@type\":\"ImageObject\",\"inLanguage\":\"pt-BR\",\"@id\":\"https:\/\/techcode4u.com\/lojavirtual\/#\/schema\/logo\/image\/\",\"url\":\"https:\/\/techcode4u.com\/lojavirtual\/wp-content\/uploads\/2025\/10\/cropped-logomarca.png\",\"contentUrl\":\"https:\/\/techcode4u.com\/lojavirtual\/wp-content\/uploads\/2025\/10\/cropped-logomarca.png\",\"width\":595,\"height\":129,\"caption\":\"Bruno Eletr\u00f4nica\"},\"image\":{\"@id\":\"https:\/\/techcode4u.com\/lojavirtual\/#\/schema\/logo\/image\/\"}}]}<\/script>\n<!-- \/ Yoast SEO plugin. -->","yoast_head_json":{"title":"Fluxo Pastoso 10g \u2013 Implastec - LojaVirtual","robots":{"index":"index","follow":"follow","max-snippet":"max-snippet:-1","max-image-preview":"max-image-preview:large","max-video-preview":"max-video-preview:-1"},"canonical":"https:\/\/techcode4u.com\/lojavirtual\/produto\/fluxo-pastoso-10g-implastec\/","og_locale":"pt_BR","og_type":"article","og_title":"Fluxo Pastoso 10g \u2013 Implastec - LojaVirtual","og_description":"Fluxo Pastoso 10g \u2013 Implastec (para Soldagem Eletr\u00f4nica) &nbsp; O Fluxo Pastoso Implastec (Geralmente modelo RMA ou Soldatec) \u00e9 um produto qu\u00edmico indispens\u00e1vel para qualquer trabalho de soldagem e retrabalho em eletr\u00f4nica, especialmente em placas de circuito impresso (PCBs). Com sua formula\u00e7\u00e3o \u00e0 base de resinas e agentes ativadores, ele age como um poderoso auxiliar [&hellip;]","og_url":"https:\/\/techcode4u.com\/lojavirtual\/produto\/fluxo-pastoso-10g-implastec\/","og_site_name":"LojaVirtual","article_modified_time":"2025-10-29T03:27:07+00:00","og_image":[{"width":1024,"height":549,"url":"https:\/\/techcode4u.com\/lojavirtual\/wp-content\/uploads\/2025\/10\/fluxo_para_solda_pastoso_rma_223_seringa_com_10_gramas_rma223_pafp0010pc_implastec_12214_1_20201126113140.webp","type":"image\/webp"}],"twitter_card":"summary_large_image","twitter_misc":{"Est. tempo de leitura":"1 minuto"},"schema":{"@context":"https:\/\/schema.org","@graph":[{"@type":"WebPage","@id":"https:\/\/techcode4u.com\/lojavirtual\/produto\/fluxo-pastoso-10g-implastec\/","url":"https:\/\/techcode4u.com\/lojavirtual\/produto\/fluxo-pastoso-10g-implastec\/","name":"Fluxo Pastoso 10g \u2013 Implastec - LojaVirtual","isPartOf":{"@id":"https:\/\/techcode4u.com\/lojavirtual\/#website"},"primaryImageOfPage":{"@id":"https:\/\/techcode4u.com\/lojavirtual\/produto\/fluxo-pastoso-10g-implastec\/#primaryimage"},"image":{"@id":"https:\/\/techcode4u.com\/lojavirtual\/produto\/fluxo-pastoso-10g-implastec\/#primaryimage"},"thumbnailUrl":"https:\/\/techcode4u.com\/lojavirtual\/wp-content\/uploads\/2025\/10\/fluxo_para_solda_pastoso_rma_223_seringa_com_10_gramas_rma223_pafp0010pc_implastec_12214_1_20201126113140.webp","datePublished":"2025-10-29T03:27:06+00:00","dateModified":"2025-10-29T03:27:07+00:00","breadcrumb":{"@id":"https:\/\/techcode4u.com\/lojavirtual\/produto\/fluxo-pastoso-10g-implastec\/#breadcrumb"},"inLanguage":"pt-BR","potentialAction":[{"@type":"ReadAction","target":["https:\/\/techcode4u.com\/lojavirtual\/produto\/fluxo-pastoso-10g-implastec\/"]}]},{"@type":"ImageObject","inLanguage":"pt-BR","@id":"https:\/\/techcode4u.com\/lojavirtual\/produto\/fluxo-pastoso-10g-implastec\/#primaryimage","url":"https:\/\/techcode4u.com\/lojavirtual\/wp-content\/uploads\/2025\/10\/fluxo_para_solda_pastoso_rma_223_seringa_com_10_gramas_rma223_pafp0010pc_implastec_12214_1_20201126113140.webp","contentUrl":"https:\/\/techcode4u.com\/lojavirtual\/wp-content\/uploads\/2025\/10\/fluxo_para_solda_pastoso_rma_223_seringa_com_10_gramas_rma223_pafp0010pc_implastec_12214_1_20201126113140.webp","width":1024,"height":549},{"@type":"BreadcrumbList","@id":"https:\/\/techcode4u.com\/lojavirtual\/produto\/fluxo-pastoso-10g-implastec\/#breadcrumb","itemListElement":[{"@type":"ListItem","position":1,"name":"In\u00edcio","item":"https:\/\/techcode4u.com\/lojavirtual\/"},{"@type":"ListItem","position":2,"name":"Loja","item":"https:\/\/techcode4u.com\/lojavirtual\/loja\/"},{"@type":"ListItem","position":3,"name":"Fluxo Pastoso 10g \u2013 Implastec"}]},{"@type":"WebSite","@id":"https:\/\/techcode4u.com\/lojavirtual\/#website","url":"https:\/\/techcode4u.com\/lojavirtual\/","name":"Loja Virtual","description":"LojaVirtual","publisher":{"@id":"https:\/\/techcode4u.com\/lojavirtual\/#organization"},"potentialAction":[{"@type":"SearchAction","target":{"@type":"EntryPoint","urlTemplate":"https:\/\/techcode4u.com\/lojavirtual\/?s={search_term_string}"},"query-input":{"@type":"PropertyValueSpecification","valueRequired":true,"valueName":"search_term_string"}}],"inLanguage":"pt-BR"},{"@type":"Organization","@id":"https:\/\/techcode4u.com\/lojavirtual\/#organization","name":"Bruno Eletr\u00f4nica","url":"https:\/\/techcode4u.com\/lojavirtual\/","logo":{"@type":"ImageObject","inLanguage":"pt-BR","@id":"https:\/\/techcode4u.com\/lojavirtual\/#\/schema\/logo\/image\/","url":"https:\/\/techcode4u.com\/lojavirtual\/wp-content\/uploads\/2025\/10\/cropped-logomarca.png","contentUrl":"https:\/\/techcode4u.com\/lojavirtual\/wp-content\/uploads\/2025\/10\/cropped-logomarca.png","width":595,"height":129,"caption":"Bruno Eletr\u00f4nica"},"image":{"@id":"https:\/\/techcode4u.com\/lojavirtual\/#\/schema\/logo\/image\/"}}]}},"brands":[],"_links":{"self":[{"href":"https:\/\/techcode4u.com\/lojavirtual\/wp-json\/wp\/v2\/product\/847","targetHints":{"allow":["GET"]}}],"collection":[{"href":"https:\/\/techcode4u.com\/lojavirtual\/wp-json\/wp\/v2\/product"}],"about":[{"href":"https:\/\/techcode4u.com\/lojavirtual\/wp-json\/wp\/v2\/types\/product"}],"replies":[{"embeddable":true,"href":"https:\/\/techcode4u.com\/lojavirtual\/wp-json\/wp\/v2\/comments?post=847"}],"wp:featuredmedia":[{"embeddable":true,"href":"https:\/\/techcode4u.com\/lojavirtual\/wp-json\/wp\/v2\/media\/848"}],"wp:attachment":[{"href":"https:\/\/techcode4u.com\/lojavirtual\/wp-json\/wp\/v2\/media?parent=847"}],"wp:term":[{"taxonomy":"pwb-brand","embeddable":true,"href":"https:\/\/techcode4u.com\/lojavirtual\/wp-json\/wp\/v2\/pwb-brand?post=847"},{"taxonomy":"product_brand","embeddable":true,"href":"https:\/\/techcode4u.com\/lojavirtual\/wp-json\/wp\/v2\/product_brand?post=847"},{"taxonomy":"product_cat","embeddable":true,"href":"https:\/\/techcode4u.com\/lojavirtual\/wp-json\/wp\/v2\/product_cat?post=847"},{"taxonomy":"product_tag","embeddable":true,"href":"https:\/\/techcode4u.com\/lojavirtual\/wp-json\/wp\/v2\/product_tag?post=847"}],"curies":[{"name":"wp","href":"https:\/\/api.w.org\/{rel}","templated":true}]}}