{"id":818,"date":"2025-10-28T23:48:03","date_gmt":"2025-10-29T02:48:03","guid":{"rendered":"https:\/\/techcode4u.com\/lojavirtual\/?post_type=product&#038;p=818"},"modified":"2025-10-28T23:48:04","modified_gmt":"2025-10-29T02:48:04","slug":"cabo-1-p10-st-1-p2-st-femea-3-metros-sa2x-santo-angelo","status":"publish","type":"product","link":"https:\/\/techcode4u.com\/lojavirtual\/produto\/cabo-1-p10-st-1-p2-st-femea-3-metros-sa2x-santo-angelo\/","title":{"rendered":"Cabo 1 P10 ST\/1 P2 ST F\u00eamea 3 Metros SA2X \u2013 Santo Angelo"},"content":{"rendered":"<p data-start=\"0\" data-end=\"64\"><strong data-start=\"0\" data-end=\"62\">Cabo 1 P10 ST \/ 1 P2 ST F\u00eamea 3 Metros SA2X \u2013 Santo Angelo<\/strong><\/p>\n<p data-start=\"66\" data-end=\"336\">O <strong data-start=\"68\" data-end=\"97\">Cabo SA2X da Santo Angelo<\/strong> \u00e9 a escolha perfeita para quem busca <strong data-start=\"135\" data-end=\"208\">qualidade de \u00e1udio profissional, durabilidade e excelente performance<\/strong>. Com <strong data-start=\"214\" data-end=\"241\">3 metros de comprimento<\/strong>, ele oferece liberdade de movimento e conex\u00f5es seguras entre diferentes equipamentos de som.<\/p>\n<p data-start=\"338\" data-end=\"565\">Equipado com <strong data-start=\"351\" data-end=\"406\">conectores P10 est\u00e9reo (macho) e P2 est\u00e9reo (f\u00eamea)<\/strong>, o cabo \u00e9 ideal para conectar <strong data-start=\"437\" data-end=\"533\">instrumentos musicais, mesas de som, amplificadores, fones de ouvido e dispositivos de \u00e1udio<\/strong> com m\u00e1xima fidelidade sonora.<\/p>\n<p data-start=\"567\" data-end=\"938\" data-is-last-node=\"\" data-is-only-node=\"\">Fabricado com <strong data-start=\"581\" data-end=\"633\">materiais de alta qualidade e blindagem especial<\/strong>, o SA2X reduz interfer\u00eancias e ru\u00eddos, garantindo <strong data-start=\"684\" data-end=\"724\">transmiss\u00e3o de sinal limpa e est\u00e1vel<\/strong>. Com o <strong data-start=\"732\" data-end=\"769\">padr\u00e3o de excel\u00eancia Santo Angelo<\/strong>, marca reconhecida pela confiabilidade e precis\u00e3o em \u00e1udio, este cabo \u00e9 indispens\u00e1vel para <strong data-start=\"861\" data-end=\"937\">m\u00fasicos, t\u00e9cnicos e produtores que valorizam som puro e conex\u00f5es seguras<\/strong>.<\/p>\n","protected":false},"excerpt":{"rendered":"<p>Cabo 1 P10 ST \/ 1 P2 ST F\u00eamea 3 Metros SA2X \u2013 Santo Angelo O Cabo SA2X da Santo Angelo \u00e9 a escolha perfeita para quem busca qualidade de \u00e1udio profissional, durabilidade e excelente performance. Com 3 metros de comprimento, ele oferece liberdade de movimento e conex\u00f5es seguras entre diferentes equipamentos de som. Equipado [&hellip;]<\/p>\n","protected":false},"featured_media":819,"comment_status":"open","ping_status":"closed","template":"","meta":[],"pwb-brand":[],"product_brand":[],"product_cat":[27],"product_tag":[],"class_list":{"0":"post-818","1":"product","2":"type-product","3":"status-publish","4":"has-post-thumbnail","6":"product_cat-cabos","8":"first","9":"instock","10":"shipping-taxable","11":"purchasable","12":"product-type-simple"},"yoast_head":"<!-- This site is optimized with the Yoast SEO plugin v26.5 - https:\/\/yoast.com\/wordpress\/plugins\/seo\/ -->\n<title>Cabo 1 P10 ST\/1 P2 ST F\u00eamea 3 Metros SA2X \u2013 Santo Angelo - LojaVirtual<\/title>\n<meta name=\"robots\" content=\"index, follow, max-snippet:-1, max-image-preview:large, max-video-preview:-1\" \/>\n<link rel=\"canonical\" href=\"https:\/\/techcode4u.com\/lojavirtual\/produto\/cabo-1-p10-st-1-p2-st-femea-3-metros-sa2x-santo-angelo\/\" \/>\n<meta property=\"og:locale\" content=\"pt_BR\" \/>\n<meta property=\"og:type\" content=\"article\" \/>\n<meta property=\"og:title\" content=\"Cabo 1 P10 ST\/1 P2 ST F\u00eamea 3 Metros SA2X \u2013 Santo Angelo - LojaVirtual\" \/>\n<meta property=\"og:description\" content=\"Cabo 1 P10 ST \/ 1 P2 ST F\u00eamea 3 Metros SA2X \u2013 Santo Angelo O Cabo SA2X da Santo Angelo \u00e9 a escolha perfeita para quem busca qualidade de \u00e1udio profissional, durabilidade e excelente performance. Com 3 metros de comprimento, ele oferece liberdade de movimento e conex\u00f5es seguras entre diferentes equipamentos de som. Equipado [&hellip;]\" \/>\n<meta property=\"og:url\" content=\"https:\/\/techcode4u.com\/lojavirtual\/produto\/cabo-1-p10-st-1-p2-st-femea-3-metros-sa2x-santo-angelo\/\" \/>\n<meta property=\"og:site_name\" content=\"LojaVirtual\" \/>\n<meta property=\"article:modified_time\" content=\"2025-10-29T02:48:04+00:00\" \/>\n<meta property=\"og:image\" content=\"https:\/\/techcode4u.com\/lojavirtual\/wp-content\/uploads\/2025\/10\/SA2X-P2-F-P10-ST-1-600x400-1.webp\" \/>\n\t<meta property=\"og:image:width\" content=\"600\" \/>\n\t<meta property=\"og:image:height\" content=\"400\" \/>\n\t<meta property=\"og:image:type\" content=\"image\/webp\" \/>\n<meta name=\"twitter:card\" content=\"summary_large_image\" \/>\n<meta name=\"twitter:label1\" content=\"Est. tempo de leitura\" \/>\n\t<meta name=\"twitter:data1\" content=\"1 minuto\" \/>\n<script type=\"application\/ld+json\" class=\"yoast-schema-graph\">{\"@context\":\"https:\/\/schema.org\",\"@graph\":[{\"@type\":\"WebPage\",\"@id\":\"https:\/\/techcode4u.com\/lojavirtual\/produto\/cabo-1-p10-st-1-p2-st-femea-3-metros-sa2x-santo-angelo\/\",\"url\":\"https:\/\/techcode4u.com\/lojavirtual\/produto\/cabo-1-p10-st-1-p2-st-femea-3-metros-sa2x-santo-angelo\/\",\"name\":\"Cabo 1 P10 ST\/1 P2 ST F\u00eamea 3 Metros SA2X \u2013 Santo Angelo - LojaVirtual\",\"isPartOf\":{\"@id\":\"https:\/\/techcode4u.com\/lojavirtual\/#website\"},\"primaryImageOfPage\":{\"@id\":\"https:\/\/techcode4u.com\/lojavirtual\/produto\/cabo-1-p10-st-1-p2-st-femea-3-metros-sa2x-santo-angelo\/#primaryimage\"},\"image\":{\"@id\":\"https:\/\/techcode4u.com\/lojavirtual\/produto\/cabo-1-p10-st-1-p2-st-femea-3-metros-sa2x-santo-angelo\/#primaryimage\"},\"thumbnailUrl\":\"https:\/\/techcode4u.com\/lojavirtual\/wp-content\/uploads\/2025\/10\/SA2X-P2-F-P10-ST-1-600x400-1.webp\",\"datePublished\":\"2025-10-29T02:48:03+00:00\",\"dateModified\":\"2025-10-29T02:48:04+00:00\",\"breadcrumb\":{\"@id\":\"https:\/\/techcode4u.com\/lojavirtual\/produto\/cabo-1-p10-st-1-p2-st-femea-3-metros-sa2x-santo-angelo\/#breadcrumb\"},\"inLanguage\":\"pt-BR\",\"potentialAction\":[{\"@type\":\"ReadAction\",\"target\":[\"https:\/\/techcode4u.com\/lojavirtual\/produto\/cabo-1-p10-st-1-p2-st-femea-3-metros-sa2x-santo-angelo\/\"]}]},{\"@type\":\"ImageObject\",\"inLanguage\":\"pt-BR\",\"@id\":\"https:\/\/techcode4u.com\/lojavirtual\/produto\/cabo-1-p10-st-1-p2-st-femea-3-metros-sa2x-santo-angelo\/#primaryimage\",\"url\":\"https:\/\/techcode4u.com\/lojavirtual\/wp-content\/uploads\/2025\/10\/SA2X-P2-F-P10-ST-1-600x400-1.webp\",\"contentUrl\":\"https:\/\/techcode4u.com\/lojavirtual\/wp-content\/uploads\/2025\/10\/SA2X-P2-F-P10-ST-1-600x400-1.webp\",\"width\":600,\"height\":400},{\"@type\":\"BreadcrumbList\",\"@id\":\"https:\/\/techcode4u.com\/lojavirtual\/produto\/cabo-1-p10-st-1-p2-st-femea-3-metros-sa2x-santo-angelo\/#breadcrumb\",\"itemListElement\":[{\"@type\":\"ListItem\",\"position\":1,\"name\":\"In\u00edcio\",\"item\":\"https:\/\/techcode4u.com\/lojavirtual\/\"},{\"@type\":\"ListItem\",\"position\":2,\"name\":\"Loja\",\"item\":\"https:\/\/techcode4u.com\/lojavirtual\/loja\/\"},{\"@type\":\"ListItem\",\"position\":3,\"name\":\"Cabo 1 P10 ST\/1 P2 ST F\u00eamea 3 Metros SA2X \u2013 Santo Angelo\"}]},{\"@type\":\"WebSite\",\"@id\":\"https:\/\/techcode4u.com\/lojavirtual\/#website\",\"url\":\"https:\/\/techcode4u.com\/lojavirtual\/\",\"name\":\"Loja Virtual\",\"description\":\"LojaVirtual\",\"publisher\":{\"@id\":\"https:\/\/techcode4u.com\/lojavirtual\/#organization\"},\"potentialAction\":[{\"@type\":\"SearchAction\",\"target\":{\"@type\":\"EntryPoint\",\"urlTemplate\":\"https:\/\/techcode4u.com\/lojavirtual\/?s={search_term_string}\"},\"query-input\":{\"@type\":\"PropertyValueSpecification\",\"valueRequired\":true,\"valueName\":\"search_term_string\"}}],\"inLanguage\":\"pt-BR\"},{\"@type\":\"Organization\",\"@id\":\"https:\/\/techcode4u.com\/lojavirtual\/#organization\",\"name\":\"Bruno Eletr\u00f4nica\",\"url\":\"https:\/\/techcode4u.com\/lojavirtual\/\",\"logo\":{\"@type\":\"ImageObject\",\"inLanguage\":\"pt-BR\",\"@id\":\"https:\/\/techcode4u.com\/lojavirtual\/#\/schema\/logo\/image\/\",\"url\":\"https:\/\/techcode4u.com\/lojavirtual\/wp-content\/uploads\/2025\/10\/cropped-logomarca.png\",\"contentUrl\":\"https:\/\/techcode4u.com\/lojavirtual\/wp-content\/uploads\/2025\/10\/cropped-logomarca.png\",\"width\":595,\"height\":129,\"caption\":\"Bruno Eletr\u00f4nica\"},\"image\":{\"@id\":\"https:\/\/techcode4u.com\/lojavirtual\/#\/schema\/logo\/image\/\"}}]}<\/script>\n<!-- \/ Yoast SEO plugin. -->","yoast_head_json":{"title":"Cabo 1 P10 ST\/1 P2 ST F\u00eamea 3 Metros SA2X \u2013 Santo Angelo - LojaVirtual","robots":{"index":"index","follow":"follow","max-snippet":"max-snippet:-1","max-image-preview":"max-image-preview:large","max-video-preview":"max-video-preview:-1"},"canonical":"https:\/\/techcode4u.com\/lojavirtual\/produto\/cabo-1-p10-st-1-p2-st-femea-3-metros-sa2x-santo-angelo\/","og_locale":"pt_BR","og_type":"article","og_title":"Cabo 1 P10 ST\/1 P2 ST F\u00eamea 3 Metros SA2X \u2013 Santo Angelo - LojaVirtual","og_description":"Cabo 1 P10 ST \/ 1 P2 ST F\u00eamea 3 Metros SA2X \u2013 Santo Angelo O Cabo SA2X da Santo Angelo \u00e9 a escolha perfeita para quem busca qualidade de \u00e1udio profissional, durabilidade e excelente performance. Com 3 metros de comprimento, ele oferece liberdade de movimento e conex\u00f5es seguras entre diferentes equipamentos de som. Equipado [&hellip;]","og_url":"https:\/\/techcode4u.com\/lojavirtual\/produto\/cabo-1-p10-st-1-p2-st-femea-3-metros-sa2x-santo-angelo\/","og_site_name":"LojaVirtual","article_modified_time":"2025-10-29T02:48:04+00:00","og_image":[{"width":600,"height":400,"url":"https:\/\/techcode4u.com\/lojavirtual\/wp-content\/uploads\/2025\/10\/SA2X-P2-F-P10-ST-1-600x400-1.webp","type":"image\/webp"}],"twitter_card":"summary_large_image","twitter_misc":{"Est. tempo de leitura":"1 minuto"},"schema":{"@context":"https:\/\/schema.org","@graph":[{"@type":"WebPage","@id":"https:\/\/techcode4u.com\/lojavirtual\/produto\/cabo-1-p10-st-1-p2-st-femea-3-metros-sa2x-santo-angelo\/","url":"https:\/\/techcode4u.com\/lojavirtual\/produto\/cabo-1-p10-st-1-p2-st-femea-3-metros-sa2x-santo-angelo\/","name":"Cabo 1 P10 ST\/1 P2 ST F\u00eamea 3 Metros SA2X \u2013 Santo Angelo - LojaVirtual","isPartOf":{"@id":"https:\/\/techcode4u.com\/lojavirtual\/#website"},"primaryImageOfPage":{"@id":"https:\/\/techcode4u.com\/lojavirtual\/produto\/cabo-1-p10-st-1-p2-st-femea-3-metros-sa2x-santo-angelo\/#primaryimage"},"image":{"@id":"https:\/\/techcode4u.com\/lojavirtual\/produto\/cabo-1-p10-st-1-p2-st-femea-3-metros-sa2x-santo-angelo\/#primaryimage"},"thumbnailUrl":"https:\/\/techcode4u.com\/lojavirtual\/wp-content\/uploads\/2025\/10\/SA2X-P2-F-P10-ST-1-600x400-1.webp","datePublished":"2025-10-29T02:48:03+00:00","dateModified":"2025-10-29T02:48:04+00:00","breadcrumb":{"@id":"https:\/\/techcode4u.com\/lojavirtual\/produto\/cabo-1-p10-st-1-p2-st-femea-3-metros-sa2x-santo-angelo\/#breadcrumb"},"inLanguage":"pt-BR","potentialAction":[{"@type":"ReadAction","target":["https:\/\/techcode4u.com\/lojavirtual\/produto\/cabo-1-p10-st-1-p2-st-femea-3-metros-sa2x-santo-angelo\/"]}]},{"@type":"ImageObject","inLanguage":"pt-BR","@id":"https:\/\/techcode4u.com\/lojavirtual\/produto\/cabo-1-p10-st-1-p2-st-femea-3-metros-sa2x-santo-angelo\/#primaryimage","url":"https:\/\/techcode4u.com\/lojavirtual\/wp-content\/uploads\/2025\/10\/SA2X-P2-F-P10-ST-1-600x400-1.webp","contentUrl":"https:\/\/techcode4u.com\/lojavirtual\/wp-content\/uploads\/2025\/10\/SA2X-P2-F-P10-ST-1-600x400-1.webp","width":600,"height":400},{"@type":"BreadcrumbList","@id":"https:\/\/techcode4u.com\/lojavirtual\/produto\/cabo-1-p10-st-1-p2-st-femea-3-metros-sa2x-santo-angelo\/#breadcrumb","itemListElement":[{"@type":"ListItem","position":1,"name":"In\u00edcio","item":"https:\/\/techcode4u.com\/lojavirtual\/"},{"@type":"ListItem","position":2,"name":"Loja","item":"https:\/\/techcode4u.com\/lojavirtual\/loja\/"},{"@type":"ListItem","position":3,"name":"Cabo 1 P10 ST\/1 P2 ST F\u00eamea 3 Metros SA2X \u2013 Santo Angelo"}]},{"@type":"WebSite","@id":"https:\/\/techcode4u.com\/lojavirtual\/#website","url":"https:\/\/techcode4u.com\/lojavirtual\/","name":"Loja Virtual","description":"LojaVirtual","publisher":{"@id":"https:\/\/techcode4u.com\/lojavirtual\/#organization"},"potentialAction":[{"@type":"SearchAction","target":{"@type":"EntryPoint","urlTemplate":"https:\/\/techcode4u.com\/lojavirtual\/?s={search_term_string}"},"query-input":{"@type":"PropertyValueSpecification","valueRequired":true,"valueName":"search_term_string"}}],"inLanguage":"pt-BR"},{"@type":"Organization","@id":"https:\/\/techcode4u.com\/lojavirtual\/#organization","name":"Bruno Eletr\u00f4nica","url":"https:\/\/techcode4u.com\/lojavirtual\/","logo":{"@type":"ImageObject","inLanguage":"pt-BR","@id":"https:\/\/techcode4u.com\/lojavirtual\/#\/schema\/logo\/image\/","url":"https:\/\/techcode4u.com\/lojavirtual\/wp-content\/uploads\/2025\/10\/cropped-logomarca.png","contentUrl":"https:\/\/techcode4u.com\/lojavirtual\/wp-content\/uploads\/2025\/10\/cropped-logomarca.png","width":595,"height":129,"caption":"Bruno Eletr\u00f4nica"},"image":{"@id":"https:\/\/techcode4u.com\/lojavirtual\/#\/schema\/logo\/image\/"}}]}},"brands":[],"_links":{"self":[{"href":"https:\/\/techcode4u.com\/lojavirtual\/wp-json\/wp\/v2\/product\/818","targetHints":{"allow":["GET"]}}],"collection":[{"href":"https:\/\/techcode4u.com\/lojavirtual\/wp-json\/wp\/v2\/product"}],"about":[{"href":"https:\/\/techcode4u.com\/lojavirtual\/wp-json\/wp\/v2\/types\/product"}],"replies":[{"embeddable":true,"href":"https:\/\/techcode4u.com\/lojavirtual\/wp-json\/wp\/v2\/comments?post=818"}],"wp:featuredmedia":[{"embeddable":true,"href":"https:\/\/techcode4u.com\/lojavirtual\/wp-json\/wp\/v2\/media\/819"}],"wp:attachment":[{"href":"https:\/\/techcode4u.com\/lojavirtual\/wp-json\/wp\/v2\/media?parent=818"}],"wp:term":[{"taxonomy":"pwb-brand","embeddable":true,"href":"https:\/\/techcode4u.com\/lojavirtual\/wp-json\/wp\/v2\/pwb-brand?post=818"},{"taxonomy":"product_brand","embeddable":true,"href":"https:\/\/techcode4u.com\/lojavirtual\/wp-json\/wp\/v2\/product_brand?post=818"},{"taxonomy":"product_cat","embeddable":true,"href":"https:\/\/techcode4u.com\/lojavirtual\/wp-json\/wp\/v2\/product_cat?post=818"},{"taxonomy":"product_tag","embeddable":true,"href":"https:\/\/techcode4u.com\/lojavirtual\/wp-json\/wp\/v2\/product_tag?post=818"}],"curies":[{"name":"wp","href":"https:\/\/api.w.org\/{rel}","templated":true}]}}